+ -10.
35
Calculate -142 - -52 - -61 - (-128 + 7).
92
(-27 - -1) + -98 + (114 - 29)
-39
Calculate -736 - -686 - (3 + (-1 + -6 - 4)).
-42
-23 + 1 - (-1114 + 1080)
12
Calculate -63 - (-1 + -8 + 0 + (803 - 799)).
-58
33 - -1 - (-135 + 123 + 31)
15
(2 - -29) + (-1652 - -1613)
-8
32 + (-2403 - -2311) + 0 + -39
-99
Evaluate 31 + -15 + (-7 - (8 - (19 + 12))).
32
What is -33 - -5 - (37 - (-25 - -34))?
-56
Evaluate 63 + (-1 + 2 - -2) + -446 + 438 + 0.
58
Calculate -12 + (1 - (57 - 3)) + (8 - -44 - 45).
-58
Calculate (-46 - (16 + -37)) + 31.
6
Evaluate (-76 - 120) + 128 - -21.
-47
What is 3 - 6 - 0 - (6 + -12 + (23 - 39))?
19
What is 22 + (17 - (-4 + 5 + -6))?
44
Evaluate 98 + -191 + -25 + 77.
-41
Evaluate -488 + 376 + (-5 - -85).
-32
What is the value of 6 - ((-6 - 7) + 53 + -74)?
40
What is the value of -42 - -39 - (-5 + -1) - (-50 + (18 - 10))?
45
0 + -12 + 6 + 2 + 78 + 6 + -1
79
What is the value of 26 + -46 + -17 - (-44 + -72)?
79
Calculate -27 + (29 - (2 + -24)) + 0 + 12 + -1.
35
Evaluate (12 + -10 - 2 - (9 + -8 + 7)) + -38.
-46
Evaluate (20 - (-43 + 6 - -67)) + 1 + -54.
-63
1 + 10 + (-5 - 42 - -87)
51
Evaluate -42 + 104 + (-1 - (2 + 2) - (23 + -24)).
58
Calculate 71 - (33 - (-78 - -2)).
-38
What is 27 - (-7 - (-20 - -40))?
54
Calculate -42 + (30 - 10) + (-10 - -6).
-26
What is 21 + -4 + (-5420 - -5315)?
-88
53 - (72 + -13 + -29)
23
13 + (12 + (-11 - -35) + -15 - -71)
105
What is the value of -54 - (-42 + (81 - 44))?
-49
What is the value of (27 - 63) + 39 - (-24 + -2)?
29
What is the value of ((-16 - -38) + -11 - -29) + -84?
-44
What is (123 - 103 - (-49 + 13)) + 35?
91
Calculate -8 - (1 + -4 - (-86 + (6 - 0 - 0))).
-85
Evaluate -484 + 464 + -84 + (-10 - -6).
-108
-30 - (6 - 1) - ((39 - 37) + 1 + 1)
-39
What is -20 - -43 - (26 + 1 - (-168 + 161))?
-11
-64 - 3 - (2905 + -2911)
-61
Calculate -17 - (-9 - ((-17 - -2) + (-7 - -8))).
-22
What is the value of (18 - (-11 + 29)) + -44 + 22?
-22
(-3 - -63) + 31 + -29 + -14
48
What is the value of -2 + (0 + 34 - (-609 - -683))?
-42
What is 123 - (181 - 114) - -5?
61
Calculate 72 + -82 - (-1 - (3 + 52 + (5 - 0))).
51
Evaluate 3 + -14 - -62 - (-10 + -4 + 3).
62
Evaluate 60 + (28 - 142) + 98.
44
What is the value of (-72 - -23) + 54 + -82?
-77
What is the value of 2 + -2 + -2 + (10 - (-119 + 160))?
-33
80 + ((-14 - -4) + (-1 - -2) - -3) + -6
68
Evaluate -115 + -20 + -12 + 79 + -20.
-88
Calculate -93 - ((13 - 75) + 29).
-60
What is -34 - (18 - (34 - (-5 + 1)))?
-14
Calculate -31 + 9 + 7 + 56.
41
11 - (-1 - (7 - 10 - -21))
30
What is -9 - (-14 - (-15 - (2 + -14)) - 32)?
34
Evaluate -109 - ((-3 - -4 - 5) + 987 + -1003).
-89
What is the value of -52 + (32 - 130 - -101)?
-49
What is the value of 4 + -14 + -9 + 18 + -6 - (-1 + -3)?
-3
What is the value of 185 + -45 - (35 + (4 + -22 - -6))?
117
(-13 - 3 - 11) + -26 + -1
-54
Evaluate -50 - (-162 + 120) - (-8 + 1).
-1
Calculate -64 + -26 + 65 + (-4 - -1).
-28
What is the value of -6 - (2 + -1 - -9 - (-11 - (4 + -5)))?
-26
Evaluate 0 + -7 - (-8 + (-27 - 1 - -19)).
10
What is the value of -4 - (-34 - ((57 - 76) + (2 - -5)))?
18
Calculate (-304 - -331) + (1 - -18) - 4.
42
What is 188 + -109 + (-57 - 2)?
20
What is -56 + (189 - (36 - -58))?
39
What is 17 - (28 + -15) - (-14 - (1 - -1))?
20
-32 + (65 - (-45 - 3))
81
What is (0 + (-2 - 7) - -112) + -25 + 8?
86
Evaluate -14 + -22 + 5 + -3 - 1 - (1 + -10).
-26
Calculate -90 + -3 + 1 + (3 - (-43 - -38)) - -12.
-72
What is 55 - -16 - (2 + -15 + 7)?
77
Evaluate 1 - (-37 + (63 - 38)) - (-17 - 0).
30
Evaluate -23 + (-7 - 3 - (-21 + (-11 - (4 - 21)))).
-18
What is the value of -21 + (22 + -23 - -11 - (13 + 0))?
-24
What is 84 + (-37 - (-81 + 49))?
79
What is the value of 5 + -1 + 34 + -73?
-35
(-36 - (24 - (29 + -8))) + -23
-62
What is the value of 61 - ((44 - 14) + -7)?
38
What is -21 + (-5 + 21 + 1 - 23)?
-27
Evaluate 0 + -3 + (-22 + 10 - -17) - (13 + 2).
-13
Evaluate 9 - -2 - (1230 - 1217).
-2
30 - (120 + -4) - (-3 + -5 + 8)
-86
(-309 - -346) + -56 + -3
-22
What is the value of 48 + (23 - 2 - (-60 + 81 + -13))?
61
28 - (-23 + (19 - 33 - 6))
71
What is 5 + 3 + 61 + -8 + (-14 - (4 - 16))?
59
Evaluate 123 + -47 - (-32 - -19 - -6) - (1 + 9).
73
4 + (19 - 33) + (-1 + -6 - -39)
22
What is -9 - (9 - (2 + -13 + 39 + 13))?
23
What is (-42 - -2) + (-27 - (-27 - 14)) + 1?
-25
Calculate -9 + 10 + (-1 + -6 - -1) + 21.
16
What is the value of -168 + 8 + (128 - 48)?
-80
Calculate 32 + 49 + (-9 - 6 - -15).
81
What is the value of 13 - ((0 - -10) + (14 - 18)) - 53?
-46
Calculate (3 + -2 - (91 + -83)) + -13.
-20
22 - (-26 + 9 - -57) - 25
-43
What is -45 + (36 - (-18 - 80))?
89
What is the value of (112 + 13 - 110) + -142?
-127
What is the value of 28 + (-104 - -89) - -36?
49
What is the value of 0 + -49 - (3829 - 3883)?
5
-158 - -1 - (7259 + -7343)
-73
What is 144 + (-93 - -82 - 51)?
82
Evaluate 1 + 15 - (1 + 18 - (-9 + -97)) - 14.
-123
-13 - 19 - (-34 - -34)
-32
Evaluate 6 - (12 - 5) - -44 - (57 - 71).
57
What is -47 - (-36 - -22) - 59?
-92
What is (-1 + 2 - (13 + 3 - 0)) + -2947 + 2947?
-15
What is the value of (2 + 7 + 0 - 15) + 0 + 29?
23
Calculate -2 + 8 - ((57 - -5) + 20 + 10).
-86
Calculate 5 + -5 + -2 + 15 - (9 - 30).
34
Calculate -53 - ((81 - (27 - -16)) + 7).
-98
What is (-15 - (13 + -68)) + -13?
27
Evaluate 62 - ((-27 + 16 - -17) + -24 + -5).
85
Evaluate -17 - (4 - 2) - (-377 - -370).
-12
-46 + (-16 - -4 - -20) - -43
5
Calculate -9 - (-9 + (-23 + 36 - (11 - -1))) - -61.
60
Evaluate -10 + 17 + -5 + -5 - (-40 + 37) - -58.
58
What is the value of (94 - 115) + (15 + 8 + -24 - (-12 - 2))?
-8
Calculate (36 - 12) + 23 + -49.
-2
-59 + -1 - (3047 - 3032)
-75
Evaluate -58 + -10 + (31 - 34).
-71
Calculate 32 + -61 + -7 + (-2 - -16).
-22
What is (7 - (4 - -13 - 0)) + -2 + -19 + 72?
41
Evaluate 13 - 2 - (20 + (-40 - -6) + -32).
57
What is 94 + -15 - ((-10 - -7) + 13) - (-9 - -2)?
76
What is the value of (-6 - -20) + -7 + -17 - (-80 - -87)?
-17
-1362 + 1418 - ((-1 - 8) + 4)
61
Calculate -807 - -827 - (7 + -2 + -1).
16
What is (-3 - -14) + -23 + 0 + (20 - 6)?
2
What is 7 + -15 + 9 + (1 + 5 - (-20 - -17))?
10
Evaluate -194 + 166 - (-14 + -3).
-11
Calculate -35 + 27 - -49 - 35 - (2 + 22).
-18
What is the value of (-337 - -326 - (-2 + -14)) + -3 + 51?
53
What is 6 - ((19 - -4 - 1) + (225 - 238) + 6)?
-9
-218 + 257 + (-8 + 5 - -13)
49
2 + 34 - (1583 - 1579)
32
Calculate -2 - (2 + 24 + -81 + (-1 - 10)).
64
What is -11 + 32 + -9 + 1 + -1 + 20?
32
Calculate 0 + ((0 - 10) + 3 - (-8 + (20 - 18))).
-1
-2 + (9 - -34) + (7 - -3)
51
What is the value of (-37 + 56 - 161) + 68?
-74
(-21 + 1 - (10 - 25 - -5)) + -56
-66
Calculate 3 + ((22 - 28) + (-29 - -1) - -4).
-27
What is -7 + 56 - -64 - (2 + (9 - -4))?
98
-45 - (-24 + (-10 - (-21 + 9)))
-23
What is -43 + (-60 - -28) + 4 + 138?
67
What is (6 - 56 - (-89 - -64)) + 94?
69
What is -14 - (10 + -26 + 10 - 20)?
12
Evaluate 30 + 10 + -55 + 2 - 45.
-58
Evaluate 15 + -82 + 54 + 3 + 93.
83
What is the value of (96 - (-52 - -81)) + (0 - 13)?
54
Evaluate (-21 + -39 - -58) + -39.
-41
-14 - -7 - -48 - (-52 + 70)
23
Calculate 1 + 7 - (21 - -43 - 4).
-52
Calculate -31 + 11 - -64 - (-24 - 1).
69
What is -2 + -19 + 27 + 84 + 3 + -6 - 6?
81
What is the value of 4 - (-62 - -59 - (3 + -7 + (-16 - 4)))?
-17
What is (-5 - 23) + 3 + (-50 - (-64 - -32))?
-43
-1 - -11 - (169 + -190) - -74
105
What is -2 - (-12 - (-4 - 2)) - 10 - (-198 - -221)?
-29
What is the value of -14 + -4 + 29 - (2 - (-4 - 22))?
-17
Calculate (104 - (262 - 170)) + (3 + -1 - (16 - -1)).
-3
Evaluate (3 - (-20 + 20 - (0 - 6))) + -8.
-11
What is the value of -27 + -17 + -10 + 62?
8
What is the value of -29 - (-93 + 113 + 0 + -5 + -35)?
-9
(8 + -9 - (24 + -9 + -38)) + -8 - -49
63
Evaluate 11 + (-9 + 7 - -15).
24
What is -25 + 1 + 2 + -47 + (-27 - -65)?
-31
Calculate -256 - -223 - (-5 + -4).
-24
Calculate -2 + -7 + -76 - (25 - 40 - -13).
-83
Evaluate -41 + (1 - 17) + (-14 - (54 - 76)).
-49
(26 - (-3 + -1 + 3)) + (-7 + -16 - -29)
33
(4 - -15) + 115 + -137 + (-2 - 134)
-139
(-13 - (-11 - -34)) + 14 + -3 + -3
-28
Evaluate 0 + (-48 - 1) - (128 + -182 - -56).
-51
Calculate (-6 + 12 - -28) + (2 - 5 - 10).
21
What is the value of 139 + -152 + -93 + -2?
-108
Evaluate (-1394 - -1366) + (33 - 2) + 1 + -4.
0
What is the value of (15 - -9) + -10 - (-5 + 21 - -71)?
-73
Evaluate (-5